{"id":2226,"date":"2015-02-03T09:25:41","date_gmt":"2015-02-03T09:25:41","guid":{"rendered":"http:\/\/themes.muffingroup.com\/be\/mechanic\/?page_id=2226"},"modified":"2020-08-19T08:38:41","modified_gmt":"2020-08-19T06:38:41","slug":"contact-us","status":"publish","type":"page","link":"https:\/\/kfz-grabs.de\/?page_id=2226","title":{"rendered":""},"content":{"rendered":"<p>Wir freuen uns \u00fcber den Kontakt mit Ihnen.<\/p>\n<p>Wir beantworten gerne Ihre Fragen &amp; Anliegen!<br \/>\nBitte f\u00fcllen Sie alle mit einem Stern (*) gekennzeichneten Felder vollst\u00e4ndig und korrekt aus.<\/p>\n\n<div class=\"wpcf7 no-js\" id=\"wpcf7-f2342-o1\" lang=\"de-DE\" dir=\"ltr\" data-wpcf7-id=\"2342\">\n<div class=\"screen-reader-response\"><p role=\"status\" aria-live=\"polite\" aria-atomic=\"true\"><\/p> <ul><\/ul><\/div>\n<form action=\"\/index.php?rest_route=%2Fwp%2Fv2%2Fpages%2F2226#wpcf7-f2342-o1\" method=\"post\" class=\"wpcf7-form init\" aria-label=\"Kontaktformular\" novalidate=\"novalidate\" data-status=\"init\">\n<fieldset class=\"hidden-fields-container\"><input type=\"hidden\" name=\"_wpcf7\" value=\"2342\" \/><input type=\"hidden\" name=\"_wpcf7_version\" value=\"6.1\" \/><input type=\"hidden\" name=\"_wpcf7_locale\" value=\"de_DE\" \/><input type=\"hidden\" name=\"_wpcf7_unit_tag\" value=\"wpcf7-f2342-o1\" \/><input type=\"hidden\" name=\"_wpcf7_container_post\" value=\"0\" \/><input type=\"hidden\" name=\"_wpcf7_posted_data_hash\" value=\"\" \/><input type=\"hidden\" name=\"_wpcf7_recaptcha_response\" value=\"\" \/>\n<\/fieldset>\n<p>Ihr Name *\n<\/p>\n<p><span class=\"wpcf7-form-control-wrap\" data-name=\"your-name\"><input size=\"40\" maxlength=\"400\" class=\"wpcf7-form-control wpcf7-text wpcf7-validates-as-required\" aria-required=\"true\" aria-invalid=\"false\" value=\"\" type=\"text\" name=\"your-name\" \/><\/span>\n<\/p>\n<p>Ihre E-Mail-Adresse *\n<\/p>\n<p><span class=\"wpcf7-form-control-wrap\" data-name=\"your-email\"><input size=\"40\" maxlength=\"400\" class=\"wpcf7-form-control wpcf7-email wpcf7-validates-as-required wpcf7-text wpcf7-validates-as-email\" aria-required=\"true\" aria-invalid=\"false\" value=\"\" type=\"email\" name=\"your-email\" \/><\/span>\n<\/p>\n<p>Betreff\n<\/p>\n<p><span class=\"wpcf7-form-control-wrap\" data-name=\"your-subject\"><input size=\"40\" maxlength=\"400\" class=\"wpcf7-form-control wpcf7-text\" aria-invalid=\"false\" value=\"\" type=\"text\" name=\"your-subject\" \/><\/span>\n<\/p>\n<p>Ihre Nachricht\n<\/p>\n<p><span class=\"wpcf7-form-control-wrap\" data-name=\"your-message\"><textarea cols=\"40\" rows=\"10\" maxlength=\"2000\" class=\"wpcf7-form-control wpcf7-textarea\" aria-invalid=\"false\" name=\"your-message\"><\/textarea><\/span>\n<\/p>\n<p><input class=\"wpcf7-form-control wpcf7-submit has-spinner\" type=\"submit\" value=\"Senden\" \/>\n<\/p><div class=\"wpcf7-response-output\" aria-hidden=\"true\"><\/div>\n<\/form>\n<\/div>\n\n<p><small><strong>Widerruf Ihrer Einwillligung zur Datenverarbeitung<\/strong><\/small><\/p>\n<p>Mit Eintrag Ihrer pers\u00f6nlichen Daten (Name, Adresse, Email, Telefon) erlauben Sie uns, Ihre personenbezogenen Daten zu erheben, zu speichern und zu nutzen. Ihre eingegebenen Daten werden verschl\u00fcsselt \u00fcbertragen.<\/p>\n<p>Es unterliegt Ihrer freien Entscheidung, ob Sie uns diese Daten mitteilen.<\/p>\n<p>Indem Sie das Kontaktformular ausf\u00fcllen und an uns senden, willigen Sie sich ausdr\u00fccklich in die oben dargelegte Datenverarbeitung ein.<\/p>\n<p><small>Ihre Daten werden nur solange gespeichert, wie dies f\u00fcr die Beantwortung Ihrer Anfrage bzw. sich daraus resultierende weitere (R\u00fcck-)Fragen erforderlich ist. Anschlie\u00dfend werden sie gel\u00f6scht.<\/small><\/p>\n","protected":false},"excerpt":{"rendered":"<p>Wir freuen uns \u00fcber den Kontakt mit Ihnen. Wir beantworten gerne Ihre Fragen &amp; Anliegen! Bitte f\u00fcllen Sie alle mit einem Stern (*) gekennzeichneten Felder vollst\u00e4ndig und korrekt aus. Widerruf &hellip; <\/p>\n","protected":false},"author":1,"featured_media":0,"parent":0,"menu_order":0,"comment_status":"open","ping_status":"open","template":"","meta":{"footnotes":""},"class_list":["post-2226","page","type-page","status-publish","hentry"],"_links":{"self":[{"href":"https:\/\/kfz-grabs.de\/index.php?rest_route=\/wp\/v2\/pages\/2226","targetHints":{"allow":["GET"]}}],"collection":[{"href":"https:\/\/kfz-grabs.de\/index.php?rest_route=\/wp\/v2\/pages"}],"about":[{"href":"https:\/\/kfz-grabs.de\/index.php?rest_route=\/wp\/v2\/types\/page"}],"author":[{"embeddable":true,"href":"https:\/\/kfz-grabs.de\/index.php?rest_route=\/wp\/v2\/users\/1"}],"replies":[{"embeddable":true,"href":"https:\/\/kfz-grabs.de\/index.php?rest_route=%2Fwp%2Fv2%2Fcomments&post=2226"}],"version-history":[{"count":0,"href":"https:\/\/kfz-grabs.de\/index.php?rest_route=\/wp\/v2\/pages\/2226\/revisions"}],"wp:attachment":[{"href":"https:\/\/kfz-grabs.de\/index.php?rest_route=%2Fwp%2Fv2%2Fmedia&parent=2226"}],"curies":[{"name":"wp","href":"https:\/\/api.w.org\/{rel}","templated":true}]}}